6)/9)/(2/(-30)). Let a be ((-18)/4 - -1)*40/(-14). What is the greatest common divisor of g and a?
10
Let t = 366 - 348. Let n be (-1)/(-1) - (2 - 10). Calculate the highest common divisor of t and n.
9
Let t = -165 - -250. What is the greatest common divisor of 34 and t?
17
Suppose -z = -158 + 56. Suppose -i = b - 33, -3*b - 23*i = -24*i - 103. Calculate the highest common divisor of b and z.
34
Suppose -3*o = 5*b - 46, -4*b + o - 3*o + 36 = 0. Let u be (9 - b)*(-1 - 0). Let y be u/(-2) + (-115)/(-10). What is the greatest common divisor of y and 132?
12
Let z(m) = m**3 + 2*m**2 + 2. Let v be (-2 + 2)/1 + -2. Let a be z(v). Let p be 3/9 - a/(-3). Calculate the greatest common divisor of p and 1.
1
Let g(k) = 35*k + 3. Let u be g(-7). Let w = -143 - u. Suppose -q - 2*q = -w. Calculate the highest common divisor of 22 and q.
11
Let k(n) = -n**3 + 3*n**2. Let h be k(-5). Let r(v) = v**2 + 7*v + 20. Let s be r(-7). Calculate the greatest common factor of h and s.
20
Let w(v) = v**3 - v**2 + 24. Let t be w(0). Let q = t - 17. Calculate the highest common factor of 7 and q.
7
Suppose -3*y = -4*d - 285, d = y - d - 95. Calculate the greatest common divisor of 38 and y.
19
Suppose -4*q + 18 = -18. Let b = 12 + 60. Calculate the highest common divisor of b and q.
9
Let p = 35 - -1. Let h be 1 + p + 1 + -3. Let c be 4/1 + (-1 - -2). Calculate the highest common factor of c and h.
5
Suppose 2*u - 35 = -1. Calculate the highest common factor of 85 and u.
17
Suppose 5*c - 21 = -1, -2*c = 5*h - 208. Let g = 26 - h. Let s = -10 - g. What is the greatest common factor of 32 and s?
4
Let q = 51 - 35. Let n = -65 + 105. What is the highest common divisor of n and q?
8
Suppose h - 16 = i, -h - 4*i = 3*h - 40. Let z = 8 - -31. What is the highest common factor of z and h?
13
Let m be (8/6)/((-4)/(-480)). Suppose -20*y + m = -15*y. What is the greatest common factor of y and 80?
16
Let u(g) = -g + 11. Let a be u(4). Calculate the highest common factor of a and 49.
7
Let y(p) = 2*p**3 - 7*p**2 + 3*p - 2. Let t be y(5). Calculate the greatest common factor of t and 220.
44
Suppose -4*w - 4*l = -68, w - 3*l - 5 = -8*l. Let k be (-1 + -3)/(-2 - 0). Suppose 50 = 3*h - k*h. What is the highest common divisor of w and h?
10
Let y = -76 + 109. Calculate the highest common factor of 66 and y.
33
Suppose -p + 3*p + 26 = -3*g, -3*p = 2*g + 24. Let z = g - -27. What is the highest common divisor of 105 and z?
21
Let m = -11 - -12. Suppose 3*x = 4*x - m. What is the greatest common divisor of x and 4?
1
Let q(n) = -n**3 - 5*n**2 - 4*n + 3. Let t be q(-4). Suppose t*f + 0*f = 24. Calculate the greatest common factor of f and 20.
4
Suppose -28 = 3*m - 5*m. What is the highest common factor of 42 and m?
14
Let b be (-16)/12*3/(-2). Let z be -2 + 107 + (0 - b). Suppose -31 = 4*v - z. What is the greatest common divisor of 144 and v?
18
Let g(p) = 5*p**2 - 5*p - 4. Let x be g(-3). Let j = x - 23. Suppose 3*c = -0*c + j. What is the highest common factor of 22 and c?
11
Suppose -156 = -2*z - 4*y, -3*z + 0*y = -5*y - 223. Calculate the greatest common factor of z and 38.
38
Let y = 115 + -52. What is the greatest common divisor of 9 and y?
9
Let h(u) = u**2 - u - 7. Let c = -2 - -6. Let z be h(c). Calculate the highest common divisor of 5 and z.
5
Let f be 8/(-40) - (-121)/5. Let r be f/(-20)*(-20)/6. Calculate the highest common factor of 6 and r.
2
Let v(j) = -j**2 + 9*j - 3. Let b be v(6). Calculate the highest common divisor of b and 105.
15
Let h = 10 - 15. Let x = 14 + h. What is the greatest common factor of 81 and x?
9
Suppose 2*k + 4 = -3*i - 1, 0 = -i - 3*k - 11. Calculate the greatest common factor of 19 and i.
1
Let o(u) = -u + 24. Let m be o(5). What is the greatest common factor of 133 and m?
19
Let o be -46*((-4)/(-4))/(-2). What is the highest common divisor of 23 and o?
23
Let b be (-5)/((-5)/36) + 0. Suppose -5*z = z - 6. Let k be ((-108)/(-12))/(z/10). What is the greatest common factor of b and k?
18
Let n be (35 - -4)/(3 - 0/3). What is the greatest common factor of n and 91?
13
Let h be ((-3)/(-2))/(2/(-16)). Let b be (h/4)/((-6)/14). What is the highest common factor of 21 and b?
7
Suppose -5*a - 4 = -6*a. Calculate the highest common divisor of 4 and a.
4
Suppose 4*q - 5*i - 33 = 0, 5*i = -3*q + 3*i + 19. Suppose 2*x - 46 = 10. What is the greatest common divisor of x and q?
7
Let h(l) be the first derivative of -l**2 - 6*l + 3. Let p = 8 + -15. Let r be h(p). What is the greatest common factor of r and 16?
8
Suppose 4*t - 375 = y + 2*y, 4*t = 5*y + 369. Suppose 4*z - 5*k - t = 0, 3*k = 2*z + z - 69. Let g = z - 1. What is the greatest common divisor of g and 54?
18
Suppose -2*o - 4*t + 8 = 0, -2*o + 0 + 10 = 3*t. What is the greatest common factor of 24 and o?
8
Let j(h) = -h**3 - 13*h**2 - 4*h + 8. Let a be j(-13). Calculate the highest common factor of 12 and a.
12
Let b(c) = 10*c**2 - 4*c - 17. Let i be b(-3). Suppose -112 = -5*a + 58. What is the greatest common factor of i and a?
17
Let t be (0 - (-100)/(-3))*(-39)/26. Calculate the greatest common divisor of 30 and t.
10
Suppose 5*w - 5*p + 0*p - 190 = 0, 5*p - 10 = 0. Let d = 33 - 23. What is the highest common divisor of d and w?
10
Suppose 0 = -k + 2*k. Suppose 3*i - 261 - 132 = k. Suppose 4*s - 3*s = 4*f - 163, 3*f + s = i. Calculate the greatest common divisor of 14 and f.
14
Let o = 8 - 5. Suppose 3*x - g - 105 = x, 0 = 3*x + o*g - 135. Calculate the highest common factor of 10 and x.
10
Suppose -2*q + 485 = f, -4*q - f - 1216 = -9*q. What is the highest common divisor of 27 and q?
27
Let c = -18 + 30. Calculate the greatest common divisor of c and 108.
12
Let n(f) = f**3 - 2*f**2 - f. Let u be n(2). Let a be (-1 - -27)/u*-1. Calculate the highest common divisor of 26 and a.
13
Let p be (3 + 1)/(24/180). Calculate the greatest common divisor of p and 60.
30
Let y(t) = -t**2 - 8*t - 1. Suppose -2*r = 19 - 5. Let o be (3 - 6/3)*r. Let w be y(o). What is the highest common divisor of 15 and w?
3
Let l(j) = j**2 - 9*j + 9. Let k be l(7). Let h(f) = -26*f + 2. Let s be h(k). What is the greatest common divisor of s and 12?
12
Let d be (-2)/(-6) + (-71)/3*-1. What is the greatest common divisor of 96 and d?
24
Suppose 2*h - 35 = -2*t + 5*h, -4*h = 2*t - 14. Calculate the highest common factor of t and 117.
13
Let i be 2 + 2 + -1 + 1. Suppose -5*k = q + i*q - 60, 5*q = 15. What is the greatest common divisor of k and 9?
9
Suppose -8*j + 4*j + 144 = 0. Let d = 32 + -16. Suppose -4*k + 0*k + b + d = 0, 2*k - 5*b = 8. Calculate the highest common factor of j and k.
4
Let v = -102 - -182. Calculate the greatest common divisor of v and 5.
5
Let i(v) = -1 - 2*v + 0 - v**3 + 4*v**3 + 2*v**2 - 16*v**3. Let f be i(-2). Calculate the highest common factor of 46 and f.
23
Let i = -7 - -9. Let k be (-2)/(-5) - 23/(-5). Suppose k = n - 2*f, 3*n - 5 = 5*f + 9. Calculate the greatest common factor of i and n.
1
Suppose 0 = -2*d + d + 39. Suppose -4*o + 36 = 3*w - d, w - 36 = -5*o. Calculate the highest common divisor of 105 and w.
21
Let f be 1*5*(-57)/(-15). Suppose 4*t = 25 + f. Suppose -5*g - t = -51. What is the highest common factor of 8 and g?
8
Let y = -26 - -77. What is the highest common factor of 34 and y?
17
Let j = -79 + 136. Let x = 74 + -36. Calculate the highest common factor of x and j.
19
Let s = 68 + -68. Let l be (-1*15)/(2/(-8)). Suppose -k + l = t - s*k, -k = 3*t - 186. Calculate the highest common factor of 9 and t.
9
Let t(n) = -7*n - 7. Let c be t(-5). Suppose 3*f = -0*f - g + 124, 0 = -f + 2*g + 46. Calculate the greatest common factor of c and f.
14
Let g(t) be the third derivative of -t**4/8 - 2*t**3/3 + 4*t**2. Let w be g(-6). What is the highest common divisor of 21 and w?
7
Let y(n) = 69*n - 4. Let v be y(1). Suppose 104 = 5*l - l. Calculate the highest common factor of v and l.
13
Suppose 2*k - 17 = 13. What is the greatest common factor of 105 and k?
15
Let o(c) = -c**3 - c**2 - c + 14. Let b be o(0). Let r = 150 - b. What is the greatest common factor of 17 and r?
17
Suppose -5*g + 5*d = d + 81, 8 = 2*d. Let c be 2/(-13) - (-219)/g. Let w = -9 - c. Calculate the greatest common factor of 48 and w.
8
Let o be 86 - (-4 - -7 - 2). What is the highest common divisor of 17 and o?
17
Le